prime factors of z(-5)?
2, 29
List the prime factors of (-1)/(4*(-4)/19808).
2, 619
Let b = 3 - 4. Let t = -8 - -13. Let i = b + t. What are the prime factors of i?
2
Suppose -4*m = 5*a + 186, 2*m + 8 = -0*m. Let c = a - -99. Suppose -4*k = -c - 3. List the prime factors of k.
17
Let n(h) = -61*h + 3287. What are the prime factors of n(0)?
19, 173
Let h(g) be the second derivative of 5*g**3/6 + 21*g**2/2 + 20*g. What are the prime factors of h(4)?
41
Let y be (1/3)/(2/(-6)). Let v be y + (3 - (1 + -1)). List the prime factors of ((-15)/(-12))/(v/8).
5
Let h = -104 - -323. What are the prime factors of 1 - (-6 - -5 - h)?
13, 17
Let q(w) = -w**2 - 5*w + 5. Let n(u) = u**2 + u. Let o(f) = 2*n(f) - q(f). Let h(r) be the first derivative of o(r). List the prime factors of h(4).
31
Let h(u) = -45 + 174*u**3 + u - u**2 + 41 + 5*u. List the prime factors of h(1).
5, 7
Suppose -6 = 3*v + 6. Let s be (-1 - -4) + (-52)/v. Let k = 5 + s. List the prime factors of k.
3, 7
Let v = 112 + -106. List the prime factors of 404/v - (-5)/((-30)/2).
67
Suppose 4*x = 2*s - 294, 3*s - 8*s - 90 = x. Let w = 84 - x. List the prime factors of w.
3, 53
Let f be (20/3)/4 - 1/(-3). Let s(n) = 4*n**3 - 3*n**2. What are the prime factors of s(f)?
2, 5
Suppose 0*v + 4*v = -5*k + 727, -718 = -4*v - 2*k. Suppose x = -3*x + 5*u + v, 0 = 5*x + 2*u - 239. Suppose 3*n - 31 - x = 0. What are the prime factors of n?
2, 13
Let g(n) = -n + 0*n**3 + n**3 + 1 + 0*n. Let r be 2/(-13) + 205/65. List the prime factors of g(r).
5
Suppose 3*g - o = -0*o + 1264, -o + 851 = 2*g. What are the prime factors of g?
3, 47
Suppose 2*x - 5*x = 6. Let d be x/(-6) + (-320)/(-12). List the prime factors of d/4 - (-21)/(-28).
2, 3
Let c = 641 - -607. What are the prime factors of c?
2, 3, 13
Let c(v) = 6*v + 6. Suppose -2*g + 5*g = 6. Let s be ((-24)/20)/(g/(-5)). What are the prime factors of c(s)?
2, 3
Let b(r) = 13*r**3 - 5*r**2 - 2*r + 2. Let d be b(3). Suppose -2*p + t + 156 = 0, -3*p = p + 3*t - d. List the prime factors of p.
7, 11
Suppose 4*w = -26 - 22. Let o(y) = -y + 3. List the prime factors of o(w).
3, 5
Suppose -5*k + 13 = -27. Suppose -3*i - k = -5*i. Suppose o - j - 30 = 1, i*o - 164 = -4*j. List the prime factors of o.
2, 3
Suppose 7*x = 4*x - 3, -j = 3*x + 3. List the prime factors of (0 - (-1 + j)) + 121.
2, 61
Suppose -5*f = -m + 24, -3*m + f = -4*m. Let g(q) = q**2 - q - 6. Let s be g(-5). What are the prime factors of m + 3 + -1 + s?
2, 3, 5
Let f be ((-10)/(-6))/((-18)/(-54)). Suppose a = 4*l + 59, -2*l + 180 = f*a + l. List the prime factors of a.
3, 13
Let y(x) = 14*x + 247. What are the prime factors of y(22)?
3, 5, 37
Let a(q) = -q**3 - 5*q**2 + 3*q - 4. Let r be a(-6). Suppose 5*o - r = 21. Suppose -3*p - 64 = -o*p. What are the prime factors of p?
2
Suppose d - l + 36 = 101, -3*d + 4*l = -191. Let t = 47 + d. Let u = -75 + t. List the prime factors of u.
41
Let t be ((-296)/(-5))/(126/(-35) + 4). Let g = t + -27. List the prime factors of g.
11
Let x be (0 - (-129)/3)*2. Let p = x - 41. List the prime factors of p.
3, 5
Let s(y) be the third derivative of 49*y**4/24 + y**3/3 + 5*y**2. What are the prime factors of s(1)?
3, 17
Let j = -665 + 945. Suppose -8*c = -c - j. List the prime factors of c.
2, 5
Suppose 1175 = 22*x - 4039. What are the prime factors of x?
3, 79
Let q(p) = 5*p + 138. Let o be q(0). Let c = -74 + o. What are the prime factors of c?
2
Suppose -707 = -8*a + 1573. What are the prime factors of a?
3, 5, 19
Let w(k) be the second derivative of -k**3/6 - 3*k**2 - k. Let z be w(-8). What are the prime factors of (282/z)/3 + 0?
47
List the prime factors of -3 + (3 - (-110)/(-3)*-3).
2, 5, 11
Let c(z) = -z**3 - 25*z**2 - 6*z - 6. Let u be c(-25). Suppose -f = -4*h - u, h = 2*f - 2*h - 263. What are the prime factors of f?
2, 31
Let n be ((-29)/(-6)*-16)/((-4)/6). Let m = 191 - n. List the prime factors of m.
3, 5
Suppose 0 = -12*q + 3*q + 18. What are the prime factors of 67 - (q - 1)*-3?
2, 5, 7
Let q(j) = j**3 + 11*j**2 + j + 13. Let z be q(-11). Let n(d) = 1 - 2 + 6*d**2 + d + 11*d**z. List the prime factors of n(1).
17
Let l be 66/108*106 - (-6)/27. Suppose l = k + 5*d, 4*k = -2*d + 143 + 63. List the prime factors of k.
2, 5
Let h = -6 + 9. Suppose -5*f + 57 = -168. Suppose 4*k + 46 = 2*w, 2*w - f - 8 = -h*k. What are the prime factors of w?
5
Suppose -283*w + 67469 = -264*w. List the prime factors of w.
53, 67
Let h be -3*-4*(35/(-20) - -2). Let d(u) = -3*u**3 - 1 + 2*u**3 + 5*u**2 + 4*u + 0*u. List the prime factors of d(h).
29
List the prime factors of -1572*(8 - (7 + (-49)/(-28))).
3, 131
Let h = -27 - -30. Suppose h*y - 205 = -49. List the prime factors of y.
2, 13
Let q(w) = -w**3 - 8*w**2 - 7*w - 25. Let i be q(-10). Suppose 5*f = -5*h + i - 5, 226 = 5*h - 2*f. List the prime factors of h.
2, 23
Suppose -55*f = -69266 - 50909. What are the prime factors of f?
5, 19, 23
Let i be (-3 - -8)*1/(-1). Let b(t) = t**3 + 8*t**2 + 7*t + 8. What are the prime factors of b(i)?
2, 3
Suppose 0 = 4*t + v - 4*v - 20, t + v = 5. List the prime factors of 30*((-5)/2 + t).
3, 5
Let r(l) = -2 - l**2 - 3*l - 3*l**3 - 1 + 3*l**2. Let k be (259/49 + -5)*-7. What are the prime factors of r(k)?
5, 7
Let m = 2074 - 1392. List the prime factors of m.
2, 11, 31
Let u(j) = -43*j - 18. List the prime factors of u(-10).
2, 103
Suppose -3*r = -w + 63, 0*r = -r + 2. Suppose x + 2*b + 18 = -0*x, 5*x + 3*b = -w. What are the prime factors of (-117)/x - 4/(-16)?
2, 5
Suppose -2 + 32 = 5*d. Let b be -3 + (d - (-2 + 3)). Suppose 5*c - 130 = -3*y - b*y, -4*c = 2*y - 98. What are the prime factors of c?
23
Let s(b) = -11*b**3 + 27*b**2 - 41*b. Let h(j) = -5*j**3 + 13*j**2 - 20*j. Let v(t) = -9*h(t) + 4*s(t). List the prime factors of v(7).
2, 7
Let f(l) be the third derivative of l**5/60 + l**4/3 + 4*l**3/3 - 5*l**2. Let z be f(-8). Suppose z*u - 11*u + 90 = 0. What are the prime factors of u?
2, 3, 5
Suppose -3*r - 12*m + 6210 = -17*m, 4*r - 8280 = -m. List the prime factors of r.
2, 3, 5, 23
Let s = 406 + -223. Suppose -8*z = -5*z - s. What are the prime factors of z?
61
Let q(s) be the first derivative of s**2/2 - 4*s + 5. Let c be q(7). Suppose 2*i - i + 4*j = 67, -2*i + c*j + 79 = 0. What are the prime factors of i?
47
Suppose -19 = 5*i + 11. Let q = i + 6. What are the prime factors of (2 - q)/(2/9)?
3
Suppose -c + 72 = -25. Suppose 0 = 4*y - c - 115. List the prime factors of y.
53
Let z(o) = 10*o**2 - 36*o - 55. List the prime factors of z(-7).
3, 229
Suppose 4*b = -h + 985, -4*h - 482 = -3*b + 271. What are the prime factors of b?
13, 19
Let a(s) = -2*s - 28 + 11 + 9. Let o be a(-5). Let i(r) = 9*r**3 - 3*r**2 + 2*r + 2. List the prime factors of i(o).
2, 3, 11
Let r(i) = -i**2 - 7*i + 4. Let d be r(-7). Suppose 3*z + 4*p - 138 + 34 = 0, -2*p - 168 = -d*z. What are the prime factors of z?
2, 5
Suppose 51*y = 53*y - 6362. List the prime factors of y.
3181
Let w(o) = 2*o**3 + 5*o**2 + 5*o + 1. Let f be w(-2). What are the prime factors of (4 - f)/((-1)/(-31))?
3, 31
Suppose -2*i = -0*i - 6. Suppose 5*h = 10, 3*a + 0*h - 3*h - i = 0. List the prime factors of a/(-4*(-3)/36).
3
Suppose 4*h - 764 = 1648. List the prime factors of h.
3, 67
Let n(z) = -20*z + 14. Let a be n(-4). What are the prime factors of a*-1*(-1)/2?
47
Suppose -3*v = 2*v + 20. What are the prime factors of 71 - (v + 3 + -2)?
2, 37
Suppose 5*f = -404 + 4014. List the prime factors of f.
2, 19
Let a = 36 + -26. Let y(u) = 2*u**2 - 6*u + 17. List the prime factors of y(a).
157
Suppose -624 = -k - 4*r + 393, -3*k - 5*r = -3016. What are the prime factors of k?
997
Suppose -2*g = t - 2442, -10*t - 12275 = -15*t + 3*g. What are the prime factors of t?
2, 613
Suppose 0 = -5*n + 4 + 6. Let i be -3*(1 + (n - 2)). Let q = 3 - i. List the prime factors of q.
2, 3
Let u be (24/(-5))/((-3)/(-10)). Let b = 15 + u. Let k = 5 - b. List the prime factors of k.
2, 3
Let z(v) = 15*v**3 + 1. Let c = -10 - -11. List the prime factors of z(c).
2
Let p be (-8 - -6)*(0 - -1). Let z(j) = -45*j - 3. List the prime factors of z(p).
3, 29
Let d = -55 + 57. Suppose 0 = -h - d*h + 285. List the prime factors of h.
5, 19
Let l(i) = -2*i**3 + 27*i**2 + 16*i + 22. What are the prime factors of l(12)?
2, 17, 19
Suppose 8*d - 36181 = -14253. What 